{"id":25,"date":"2009-02-25T00:31:45","date_gmt":"2009-02-24T22:31:45","guid":{"rendered":"http:\/\/rautaruukinelakelaiset.fi\/?page_id=25"},"modified":"2025-12-20T12:43:51","modified_gmt":"2025-12-20T10:43:51","slug":"toimikunnat","status":"publish","type":"page","link":"https:\/\/rautaruukinelakelaiset.fi\/?page_id=25","title":{"rendered":"Toimikunnat"},"content":{"rendered":"<p><span style=\"font-size: 18pt;\"><strong>Toimikunnat:<\/strong><\/span><\/p>\n<p>&nbsp;<\/p>\n<p><span style=\"font-size: 24px; font-family: times new roman, times, serif;\"><strong>Em\u00e4nt\u00e4toimikunta:<\/strong> Erja Sarpola , Pirjo Mattila, Tuula Pikkarainen, Tuula Katajam\u00e4ki <\/span><\/p>\n<p><span style=\"font-size: 24px; font-family: times new roman, times, serif;\"><strong>Juhlatoimikunta:<\/strong> Urho Virnes, Juha Laitinen ja Tuula Nyman<\/span><\/p>\n<p><span style=\"font-family: times new roman, times, serif; font-size: 24px;\"><strong>Vanhusasiainneuvosto 4-vuotiskaudeksi: Seppo Lehtikangas,<\/strong> varalla Seija Knuutila&nbsp;&nbsp;<\/span><\/p>\n<p><span style=\"font-size: 24px; font-family: times new roman, times, serif;\"><strong>Konsti-toimikunta: <\/strong>Tuula K\u00e4sm\u00e4<br \/>\n<\/span><\/p>\n<p><span style=\"font-size: 24px; font-family: times new roman, times, serif;\"><strong>Laulukuoron vet\u00e4j\u00e4:<\/strong> Eero Ylilehto ja Eija Kinnunen s\u00e4est\u00e4\u00e4<br \/>\n<\/span><\/p>\n<p><span style=\"font-size: 24px; font-family: times new roman, times, serif;\"><strong>Senioritanssijoiden vet\u00e4jin\u00e4:<\/strong> Sirkka ja Juha Laitinen<\/span><\/p>\n<p><span style=\"font-size: 24px; font-family: times new roman, times, serif;\"><strong>Lentopallon vet\u00e4j\u00e4n\u00e4:<\/strong> Veikko Poikola<br \/>\n<\/span><\/p>\n<p><span style=\"font-size: 24px; font-family: times new roman, times, serif;\"><strong>Dokumentoinnin hoitajina:<\/strong> Seppo Huttunen ja Jouni Klaavu<\/span><\/p>\n<p><span style=\"font-size: 24px; font-family: times new roman, times, serif;\"><strong>Matka-asioiden hoitajana:<\/strong> Seppo Huttunen <\/span><\/p>\n<p><span style=\"font-family: times new roman, times, serif; font-size: 24px;\"><strong>Toiminnantarkastajat:<\/strong> Pauli Kastell ja Veikko Poikola<\/span><br \/>\n<span style=\"font-family: times new roman, times, serif; font-size: 24px;\"><strong>Varalla:<\/strong> Tuula K\u00e4sm\u00e4 ja Seppo Karihtala<\/span><\/p>\n<p><span style=\"font-size: 24px;\"><span style=\"font-family: times new roman, times, serif;\"><strong>Keilaus:<\/strong><\/span> <span style=\"font-size: 20px;\">Matti Silvola<\/span><\/span><\/p>\n<p>&nbsp;<\/p>\n<p>=============================================================<\/p>\n<p><span style=\"font-size: 24px;\"><strong>Satamankankaan arkisto!<\/strong><\/span><\/p>\n<p><span style=\"font-size: 20px;\">Kuvasarja siit\u00e4 kuinka arkiston l\u00f6yt\u00e4\u00e4!<\/span><\/p>\n<p><span style=\"font-size: 20px;\">Osoite on: <strong>Satamakangas 1<\/strong><\/span><\/p>\n<p>&nbsp;<\/p>\n<p><img loading=\"lazy\" decoding=\"async\" class=\"size-medium wp-image-9892 aligncenter\" src=\"http:\/\/rautaruukinelakelaiset.fi\/wp-content\/uploads\/2025\/09\/Satamakangas-300x225.png\" alt=\"\" width=\"300\" height=\"225\" srcset=\"https:\/\/rautaruukinelakelaiset.fi\/wp-content\/uploads\/2025\/09\/Satamakangas-300x225.png 300w, https:\/\/rautaruukinelakelaiset.fi\/wp-content\/uploads\/2025\/09\/Satamakangas-768x576.png 768w, https:\/\/rautaruukinelakelaiset.fi\/wp-content\/uploads\/2025\/09\/Satamakangas.png 800w\" sizes=\"auto, (max-width: 300px) 100vw, 300px\" \/><\/p>\n<p><span style=\"font-size: 20px;\">Tuo toisen kuvan ovinumero on 25<\/span><\/p>\n<p><img loading=\"lazy\" decoding=\"async\" class=\"alignleft wp-image-9884\" src=\"http:\/\/rautaruukinelakelaiset.fi\/wp-content\/uploads\/2025\/09\/Satamakankaan-arkisto-1-169x300.jpg\" alt=\"\" width=\"477\" height=\"847\" srcset=\"https:\/\/rautaruukinelakelaiset.fi\/wp-content\/uploads\/2025\/09\/Satamakankaan-arkisto-1-169x300.jpg 169w, https:\/\/rautaruukinelakelaiset.fi\/wp-content\/uploads\/2025\/09\/Satamakankaan-arkisto-1-576x1024.jpg 576w, https:\/\/rautaruukinelakelaiset.fi\/wp-content\/uploads\/2025\/09\/Satamakankaan-arkisto-1-768x1365.jpg 768w, https:\/\/rautaruukinelakelaiset.fi\/wp-content\/uploads\/2025\/09\/Satamakankaan-arkisto-1-864x1536.jpg 864w, https:\/\/rautaruukinelakelaiset.fi\/wp-content\/uploads\/2025\/09\/Satamakankaan-arkisto-1.jpg 900w\" sizes=\"auto, (max-width: 477px) 100vw, 477px\" \/> <img loading=\"lazy\" decoding=\"async\" class=\"alignleft wp-image-9885\" src=\"http:\/\/rautaruukinelakelaiset.fi\/wp-content\/uploads\/2025\/09\/Satamakankaan-arkisto-2-169x300.jpg\" alt=\"\" width=\"478\" height=\"848\"> <img loading=\"lazy\" decoding=\"async\" class=\"alignleft wp-image-9886\" src=\"http:\/\/rautaruukinelakelaiset.fi\/wp-content\/uploads\/2025\/09\/Satamakankaan-arkisto-3-169x300.jpg\" alt=\"\" width=\"418\" height=\"742\" srcset=\"https:\/\/rautaruukinelakelaiset.fi\/wp-content\/uploads\/2025\/09\/Satamakankaan-arkisto-3-169x300.jpg 169w, https:\/\/rautaruukinelakelaiset.fi\/wp-content\/uploads\/2025\/09\/Satamakankaan-arkisto-3-576x1024.jpg 576w, https:\/\/rautaruukinelakelaiset.fi\/wp-content\/uploads\/2025\/09\/Satamakankaan-arkisto-3-768x1365.jpg 768w, https:\/\/rautaruukinelakelaiset.fi\/wp-content\/uploads\/2025\/09\/Satamakankaan-arkisto-3-864x1536.jpg 864w, https:\/\/rautaruukinelakelaiset.fi\/wp-content\/uploads\/2025\/09\/Satamakankaan-arkisto-3.jpg 900w\" sizes=\"auto, (max-width: 418px) 100vw, 418px\" \/><\/p>\n","protected":false},"excerpt":{"rendered":"<p>Toimikunnat: &nbsp; Em\u00e4nt\u00e4toimikunta: Erja Sarpola , Pirjo Mattila, Tuula Pikkarainen, Tuula Katajam\u00e4ki Juhlatoimikunta: Urho Virnes, Juha Laitinen ja Tuula Nyman Vanhusasiainneuvosto 4-vuotiskaudeksi: Seppo Lehtikangas, varalla Seija Knuutila&nbsp;&nbsp; Konsti-toimikunta: Tuula K\u00e4sm\u00e4 Laulukuoron vet\u00e4j\u00e4: Eero Ylilehto ja Eija Kinnunen s\u00e4est\u00e4\u00e4 Senioritanssijoiden vet\u00e4jin\u00e4: Sirkka ja Juha Laitinen Lentopallon vet\u00e4j\u00e4n\u00e4: Veikko Poikola Dokumentoinnin hoitajina: Seppo Huttunen ja Jouni Klaavu <a href=\"https:\/\/rautaruukinelakelaiset.fi\/?page_id=25\">Continue reading &#8594;<\/a><\/p>\n","protected":false},"author":1,"featured_media":0,"parent":0,"menu_order":12,"comment_status":"closed","ping_status":"closed","template":"","meta":{"ngg_post_thumbnail":0,"footnotes":""},"class_list":["post-25","page","type-page","status-publish","hentry"],"_links":{"self":[{"href":"https:\/\/rautaruukinelakelaiset.fi\/index.php?rest_route=\/wp\/v2\/pages\/25","targetHints":{"allow":["GET"]}}],"collection":[{"href":"https:\/\/rautaruukinelakelaiset.fi\/index.php?rest_route=\/wp\/v2\/pages"}],"about":[{"href":"https:\/\/rautaruukinelakelaiset.fi\/index.php?rest_route=\/wp\/v2\/types\/page"}],"author":[{"embeddable":true,"href":"https:\/\/rautaruukinelakelaiset.fi\/index.php?rest_route=\/wp\/v2\/users\/1"}],"replies":[{"embeddable":true,"href":"https:\/\/rautaruukinelakelaiset.fi\/index.php?rest_route=%2Fwp%2Fv2%2Fcomments&post=25"}],"version-history":[{"count":47,"href":"https:\/\/rautaruukinelakelaiset.fi\/index.php?rest_route=\/wp\/v2\/pages\/25\/revisions"}],"predecessor-version":[{"id":10115,"href":"https:\/\/rautaruukinelakelaiset.fi\/index.php?rest_route=\/wp\/v2\/pages\/25\/revisions\/10115"}],"wp:attachment":[{"href":"https:\/\/rautaruukinelakelaiset.fi\/index.php?rest_route=%2Fwp%2Fv2%2Fmedia&parent=25"}],"curies":[{"name":"wp","href":"https:\/\/api.w.org\/{rel}","templated":true}]}}